 = z**2 + 34*z - 50. Let o be v(-34). What is the units digit of -119*o/(-3 + 8)?
0
Let z(g) = 17*g**2 - 22*g - 18. Let d be z(9). Suppose -7*a + 1128 = -d. What is the units digit of a?
7
Let c = 3141 + -2318. What is the tens digit of c?
2
Suppose 17*d - 104 = 19*d. Let w = 375 + d. What is the units digit of w?
3
Let g = 2449 + 3484. What is the hundreds digit of g?
9
Let z be (0 + (-1)/4)*2*0. Suppose -22*h + 26*h - 1708 = z. What is the hundreds digit of h?
4
Suppose -12627 = -o - 4*f, o + 11*f - 13*f = 12639. What is the hundreds digit of o?
6
Let p = -101 - -1014. What is the units digit of p?
3
Let r be 1/(-4) + (-645)/(-20). Let d = 41 - r. What is the units digit of 798/54 - (-2)/d?
5
Let u = 43251 + -7019. What is the hundreds digit of u?
2
Suppose -47*d - 86*d = 37*d - 2960040. What is the thousands digit of d?
7
Let o(r) = 235*r - 486. What is the tens digit of o(20)?
1
Suppose 0 = 227*n - 175*n - 324740. What is the thousands digit of n?
6
Let o(v) = 5*v**3 - 18*v**2 - 11*v - 24. Let p(q) = q**3 - q**2 + 1. Let m = -15 + 14. Let z(d) = m*o(d) + 4*p(d). What is the units digit of z(14)?
2
Let h(u) = u**3 + 8*u**2 - 8*u - 8. Let y = 59 - 67. Let i be h(y). Suppose -6*x + 5*x = -i. What is the units digit of x?
6
Let o(p) = 2*p**3 + 20*p**2 - 7*p + 12. Let w be o(-10). Let v = w + 323. What is the units digit of v?
5
Suppose -3*w = -2*w - q - 38, -32 = -w - 5*q. Suppose 5*c = 567 - w. What is the hundreds digit of c?
1
Let i be (64 + -10)*1/2. What is the hundreds digit of (i/9)/(2/272)?
4
Suppose 4*f - 4 = 0, -6*f - 9674 = -d - 7*f. What is the thousands digit of d?
9
Let h(q) = 2*q**3 + 4*q + 19. Let x be h(-3). Let n = -44 - x. Suppose -3*a + 106 = -n*v + 658, -a - 365 = -2*v. What is the units digit of v?
1
Suppose -285666 = -45*a + 279174. What is the units digit of a?
2
Suppose -5*n - 5*p + 136560 = 0, 0 = -5*n + 157*p - 159*p + 136581. What is the hundreds digit of n?
3
Let r(z) = 143*z**2 - 10*z - 49. What is the ten thousands digit of r(10)?
1
Let k = 2224 - -1044. What is the hundreds digit of k?
2
Suppose -3*j + 14 = -q, 0 = 3*j - 0*j - 2*q - 19. Suppose 3*w - 899 = j*f + 52, 0 = 3*w + 2*f - 951. What is the units digit of w?
7
Suppose 4*u = 4*q - 496, 3*q - 374 = 4*u - 2*u. Let m be 482/2 + ((-16)/(-4))/(-4). Let g = m - q. What is the hundreds digit of g?
1
Suppose -1 = -3*n + 2. Let d(b) = -b**2 + 23*b - 86. Let z be d(18). What is the units digit of 166/4*(-2 + z/n)?
3
Let k(t) = t**2 - 2*t - 5. Let w be k(-2). Suppose 5*z - 1563 = -w*f, 1851 = 5*f - 3*z - 754. What is the hundreds digit of f?
5
Suppose 35 + 19 = -2*v. Let f(q) = q**2 + 27*q + 83. What is the tens digit of f(v)?
8
Suppose 1745*r = 1730*r + 129435. What is the units digit of r?
9
Let t(v) = -2*v + 2. Let s be t(-2). Suppose 0 = -s*c + 10*c - 20. Suppose 4*n = 2*n + c*o + 249, -3*n - 5*o = -336. What is the hundreds digit of n?
1
Let c be 0 + 1044 + (-4 - 1 - -9). Suppose -c = -7*a + 5*a. What is the units digit of a?
4
Let b be (-433 - (4 - 1))/((-2)/1). What is the hundreds digit of 4*b + 10*(-2)/4?
8
Let s = -1323 - -1332. Suppose -2*a = -a - 1020. What is the tens digit of (a/s)/(-5)*(-6)/4?
3
Suppose -x - 4*j = 8 + 18, 3*j + 12 = 0. Let f(d) = d**3 + 12*d**2 + 18*d - 19. Let l be f(x). What is the tens digit of 9 + -11 + l*83?
8
What is the hundreds digit of (-1147 + 3)/(((-2)/(-4))/((-17)/2))?
4
Let v(l) = 62*l + 49. Let o(x) = -1. Let m(r) = 22*o(r) - 2*v(r). What is the tens digit of m(-10)?
2
Let i(p) be the first derivative of p**4 - 3*p**2/2 - p + 14. What is the tens digit of i(3)?
9
Suppose 1415 = v + 4*v. Suppose -605 = -5*l + u, -4*l + 3*u + v = -190. Let f = l - 36. What is the units digit of f?
6
Suppose -a + 5*s + 175 = -2*a, s = -2*a - 341. What is the units digit of a/((-15)/5 + 2)?
0
What is the units digit of (2/2)/(-20 + 1667459/83372)?
8
Let o = 381 - 341. Suppose -757 = -2*s + o*i - 45*i, 371 = s + i. What is the units digit of s?
6
Suppose -7*a = -5*a - 20. Suppose -a = j - 29. What is the tens digit of j?
1
Let p(g) = 8*g - 2 - g**3 + 4*g**2 + g**2 + 5*g - 11*g. What is the tens digit of p(2)?
1
Suppose -10*w + 5*w = -85. Let m(z) = 2*z**2 - w*z - 27*z + 33*z + 16. What is the tens digit of m(7)?
3
Suppose -3*n + 50 = -2*n. Let d = n + -53. What is the tens digit of 81/(-6)*22/d?
9
Let w(q) = -q**3 + 7*q**2 + 15*q + 39. What is the thousands digit of w(-17)?
6
Let y(k) = -k**3 - 30*k**2 - 25*k + 37. Let b be y(-29). Let r = 428 - b. What is the hundreds digit of r?
5
Let w = 16431 + 25280. What is the tens digit of w?
1
Let q(b) = 13*b + 3*b - 14*b - 27 + 15*b**2. What is the units digit of q(4)?
1
Let d = 248 - 41. Suppose d = 3*v - 351. Suppose 147 + 34 = 2*s - a, 2*s + 4*a = v. What is the units digit of s?
1
Let s = 2 - 2. Let c be (-108)/(-12) - (s - -2). Suppose 2*z = -5*i + 320, -3*z = 4*i - c*z - 256. What is the tens digit of i?
6
Let a be -2651*1/(-6) + 20/120. Let o = 712 - a. What is the tens digit of o?
7
Let w(z) = z**3 + 10*z**2 + 4*z - 106. Let t be w(-7). Suppose 14*s - 505 = t*s. What is the tens digit of s?
0
Let k(p) = -p**2 + 14*p + 27. Let v be k(15). Let s(o) = 8*o - 19 - 52*o - 52*o - v*o. What is the tens digit of s(-2)?
9
Let n(g) = -9*g**3 - 2*g**2 + g + 2. Suppose 17 = a - 5*f, 2*f - 6*f = -3*a + 29. Suppose -a*i - 6 = 8. What is the units digit of n(i)?
4
Suppose -8 = -3*j - w, -3*j - 2*j + 16 = 3*w. Let s(a) = a + 3*a**j + 17 + 4 + 12*a. What is the units digit of s(-6)?
1
Suppose 3*g = 0, 3*b - 13910 - 2401 - 31152 = -4*g. What is the hundreds digit of b?
8
Let j be 1/(20676/4134 + -5). Let s = j + 128. What is the hundreds digit of s?
8
Let k(i) = -216*i + 87. Let n be -99*(5 - (-48)/(-9)). Let a(q) = 27*q - 11. Let v(w) = n*a(w) + 4*k(w). What is the units digit of v(4)?
3
Suppose -7152 - 256910 = -36*t - 8678. What is the tens digit of t?
9
Suppose 0 = 3*g + 8 - 23, -1208 = 4*t + 4*g. Let c = -61 - t. What is the tens digit of c?
4
Suppose 0*g + 165 = -2*g + 3*q, 5 = -q. Let l = g + 226. What is the tens digit of l?
3
Suppose l - 4*l = 57. Let q = l + 22. What is the units digit of (0 + (-8)/q)*-3?
8
What is the thousands digit of (23/506*671)/(1/228)?
6
Suppose 7*i + 4*i - 19008 = 0. Suppose -36*y = -27*y - i. What is the hundreds digit of y?
1
Let z(p) = 4 + 5*p**2 - 10 + 4*p**2 + 2 + 8*p. What is the hundreds digit of z(-9)?
6
Suppose v + 190 - 1385 = 2*r, 0 = -4*v - 5*r + 4871. What is the thousands digit of v?
1
Suppose -7*t + 135 = -75. Suppose -11*r + t*r - 26752 = 0. What is the units digit of r?
8
Suppose -5*s + 11602 = -4*r + 1256, 2*s - 4120 = -3*r. What is the units digit of s?
6
Let r = -549 - -261. Let l = r + 126. What is the units digit of l/90*(-50)/6?
5
Let y be 0/(-1) - 0/(-1). Let o(m) = 118*m - 1159. Let w be o(10). Suppose -5*x + 1 - w = y, 5*x = 4*g - 124. What is the units digit of g?
6
Let x(t) = -2*t**2 - 20*t + 2. Suppose -2*i - 13 = 4*s + 25, 3*s + 35 = 5*i. Let a be x(s). What is the hundreds digit of 132 + 0 - 1/(-1 + a)?
1
Let j = -125 - -125. Suppose -7*x + 1918 = 4*b - 2*x, j = -b + 5*x + 492. What is the tens digit of b?
8
Suppose -6*v + l = -84841, -4*v - l + 56528 = 3*l. What is the ten thousands digit of v?
1
Let k = 1006 + -442. Let p = -320 + k. Suppose -5*i = -i - p. What is the tens digit of i?
6
Let l(h) = 6*h - 3*h**2 + 29*h**3 - 48 + 17 + 23. What is the hundreds digit of l(2)?
2
Let i = 34 + -32. Suppose -1448 - i = -5*s. What is the tens digit of s?
9
Let j(k) = 2*k**2 + 8*k - 10. Let s be j(-5). Suppose 70*y - 61*y - 3159 = s. What is the units digit of y?
1
Let l(h) be the first derivative of -7*h + 3/2*h**2 - 25 + 1/4*h**4 - h**3. What is the units digit of l(5)?
8
Let s = -25224 - -51723. What is the ten thousands digit of s?
2
Suppose 107*p + 5*j - 5442 = 105*p, 13628 = 5*p + j. What is the thousands digit of p?
2
Let f = -283 + 473. Suppose -670 + f = -10*y. What is the tens digit of y?
4
What is the hundreds digit of -1 + 10 + (39 - 39) + 57809?
8
Let l be (-130)/(-8) + 6 + (-125)/20. Suppose -22*d = -l*d - 1632. What is the tens digit of d?
7
Let c(t) = -2*t**3 - 62*t**2 + 53*t + 178. What is the hundreds digit of c(-35)?
1
Let n(b) = -3*b - 21. Let q(s) = 2*s + 21. Let y(x) = -7*n(x) - 6*q(x). Let l be y(8). Let w = 249 - l. What is t